{"id":2,"date":"2020-04-02T15:23:14","date_gmt":"2020-04-02T13:23:14","guid":{"rendered":"http:\/\/marcalbert.be\/?page_id=2"},"modified":"2024-09-05T15:13:20","modified_gmt":"2024-09-05T13:13:20","slug":"page-d-exemple","status":"publish","type":"page","link":"https:\/\/marcalbert.be\/","title":{"rendered":"Bienvenue"},"content":{"rendered":"\n<p>Vous trouverez sur ce site une s\u00e9lection non exhaustive de quelques une de mes cr\u00e9ations class\u00e9es selon diff\u00e9rents th\u00e8mes.<\/p>\n\n\n\n<figure class=\"wp-block-image size-large\"><img loading=\"lazy\" decoding=\"async\" width=\"870\" height=\"1024\" src=\"https:\/\/marcalbert.be\/wp-content\/uploads\/2024\/09\/Capture-de\u0301cran-2024-09-02-a\u0300-20.08.17-1-870x1024.png\" alt=\"\" class=\"wp-image-362\" srcset=\"https:\/\/marcalbert.be\/wp-content\/uploads\/2024\/09\/Capture-de\u0301cran-2024-09-02-a\u0300-20.08.17-1-870x1024.png 870w, https:\/\/marcalbert.be\/wp-content\/uploads\/2024\/09\/Capture-de\u0301cran-2024-09-02-a\u0300-20.08.17-1-255x300.png 255w, https:\/\/marcalbert.be\/wp-content\/uploads\/2024\/09\/Capture-de\u0301cran-2024-09-02-a\u0300-20.08.17-1-768x904.png 768w, https:\/\/marcalbert.be\/wp-content\/uploads\/2024\/09\/Capture-de\u0301cran-2024-09-02-a\u0300-20.08.17-1-1304x1536.png 1304w, https:\/\/marcalbert.be\/wp-content\/uploads\/2024\/09\/Capture-de\u0301cran-2024-09-02-a\u0300-20.08.17-1.png 1362w\" sizes=\"auto, (max-width: 767px) 89vw, (max-width: 1000px) 54vw, (max-width: 1071px) 543px, 580px\" \/><\/figure>\n\n\n\n<p><br>N&rsquo;h\u00e9sitez pas \u00e0 m&rsquo;envoyer un email \u00e0 l&rsquo;adresse info[at]marcalbert.be (remplacer [at] par @)<\/p>\n","protected":false},"excerpt":{"rendered":"<p>Vous trouverez sur ce site une s\u00e9lection non exhaustive de quelques une de mes cr\u00e9ations class\u00e9es selon diff\u00e9rents th\u00e8mes. N&rsquo;h\u00e9sitez pas \u00e0 m&rsquo;envoyer un email \u00e0 l&rsquo;adresse info[at]marcalbert.be (remplacer [at] par @)<\/p>\n","protected":false},"author":1,"featured_media":0,"parent":0,"menu_order":0,"comment_status":"closed","ping_status":"open","template":"","meta":{"footnotes":""},"class_list":["post-2","page","type-page","status-publish","hentry"],"_links":{"self":[{"href":"https:\/\/marcalbert.be\/index.php?rest_route=\/wp\/v2\/pages\/2","targetHints":{"allow":["GET"]}}],"collection":[{"href":"https:\/\/marcalbert.be\/index.php?rest_route=\/wp\/v2\/pages"}],"about":[{"href":"https:\/\/marcalbert.be\/index.php?rest_route=\/wp\/v2\/types\/page"}],"author":[{"embeddable":true,"href":"https:\/\/marcalbert.be\/index.php?rest_route=\/wp\/v2\/users\/1"}],"replies":[{"embeddable":true,"href":"https:\/\/marcalbert.be\/index.php?rest_route=%2Fwp%2Fv2%2Fcomments&post=2"}],"version-history":[{"count":9,"href":"https:\/\/marcalbert.be\/index.php?rest_route=\/wp\/v2\/pages\/2\/revisions"}],"predecessor-version":[{"id":363,"href":"https:\/\/marcalbert.be\/index.php?rest_route=\/wp\/v2\/pages\/2\/revisions\/363"}],"wp:attachment":[{"href":"https:\/\/marcalbert.be\/index.php?rest_route=%2Fwp%2Fv2%2Fmedia&parent=2"}],"curies":[{"name":"wp","href":"https:\/\/api.w.org\/{rel}","templated":true}]}}